
What is the ten thousands digit of 853788?
5
What is the tens digit of 5775198?
9
What is the ten millions digit of 16379478?
1
What is the tens digit of 145332?
3
What is the thousands digit of 36074?
6
What is the ten thousands digit of 2542376?
4
What is the thousands digit of 105643?
5
What is the thousands digit of 378020?
8
What is the millions digit of 2811837?
2
What is the units digit of 984535?
5
What is the thousands digit of 204912?
4
What is the ten thousands digit of 3085991?
8
What is the hundreds digit of 631164?
1
What is the millions digit of 3987106?
3
What is the tens digit of 12605540?
4
What is the hundred thousands digit of 887538?
8
What is the tens digit of 2939822?
2
What is the hundred thousands digit of 188373?
1
What is the hundreds digit of 1551622?
6
What is the ten thousands digit of 44052?
4
What is the hundred thousands digit of 111266?
1
What is the tens digit of 135612?
1
What is the hundred thousands digit of 1737236?
7
What is the tens digit of 624890?
9
What is the ten thousands digit of 7424662?
2
What is the thousands digit of 2951826?
1
What is the ten thousands digit of 706631?
0
What is the hundred thousands digit of 695445?
6
What is the ten thousands digit of 285813?
8
What is the ten thousands digit of 71573?
7
What is the hundred thousands digit of 687289?
6
What is the hundred thousands digit of 4723604?
7
What is the ten millions digit of 27593704?
2
What is the tens digit of 258831?
3
What is the units digit of 374112?
2
What is the units digit of 1569142?
2
What is the tens digit of 1070570?
7
What is the hundred thousands digit of 1304223?
3
What is the tens digit of 4703611?
1
What is the millions digit of 5567806?
5
What is the thousands digit of 286851?
6
What is the tens digit of 124127?
2
What is the hundred thousands digit of 2257725?
2
What is the hundred thousands digit of 905884?
9
What is the hundred thousands digit of 6908934?
9
What is the hundred thousands digit of 344924?
3
What is the units digit of 8767276?
6
What is the millions digit of 7516297?
7
What is the ten thousands digit of 13936265?
3
What is the units digit of 1843845?
5
What is the hundred thousands digit of 974918?
9
What is the hundreds digit of 550084?
0
What is the hundreds digit of 684189?
1
What is the units digit of 4535084?
4
What is the units digit of 247275?
5
What is the ten thousands digit of 14069477?
6
What is the units digit of 483443?
3
What is the millions digit of 1272656?
1
What is the hundred thousands digit of 5349902?
3
What is the hundred thousands digit of 349856?
3
What is the thousands digit of 375542?
5
What is the units digit of 1561258?
8
What is the ten millions digit of 10016672?
1
What is the millions digit of 1317602?
1
What is the units digit of 198092?
2
What is the tens digit of 209134?
3
What is the units digit of 2875572?
2
What is the tens digit of 357374?
7
What is the ten thousands digit of 237636?
3
What is the thousands digit of 2192684?
2
What is the tens digit of 4232396?
9
What is the tens digit of 1166759?
5
What is the units digit of 2244669?
9
What is the tens digit of 631061?
6
What is the thousands digit of 556593?
6
What is the hundreds digit of 1170175?
1
What is the hundreds digit of 1055774?
7
What is the thousands digit of 25917434?
7
What is the hundred thousands digit of 1869211?
8
What is the tens digit of 7697549?
4
What is the thousands digit of 41712677?
2
What is the hundred thousands digit of 1440398?
4
What is the hundred thousands digit of 424457?
4
What is the hundreds digit of 53986?
9
What is the hundred thousands digit of 12070803?
0
What is the units digit of 806214?
4
What is the units digit of 5609204?
4
What is the tens digit of 11333353?
5
What is the ten millions digit of 20744037?
2
What is the units digit of 491333?
3
What is the units digit of 616029?
9
What is the hundreds digit of 156424?
4
What is the thousands digit of 354840?
4
What is the millions digit of 2153251?
2
What is the hundreds digit of 242609?
6
What is the ten thousands digit of 288311?
8
What is the ten thousands digit of 9891061?
9
What is the hundred thousands digit of 870820?
8
What is the hundreds digit of 12532?
5
What is the hundred thousands digit of 332734?
3
What is the units digit of 76660?
0
What is the millions digit of 29314033?
9
What is the ten thousands digit of 433680?
3
What is the ten thousands digit of 1319462?
1
What is the ten thousands digit of 1456396?
5
What is the hundreds digit of 301493?
4
What is the units digit of 1099950?
0
What is the hundreds digit of 1778330?
3
What is the tens digit of 285251?
5
What is the units digit of 1350472?
2
What is the hundred thousands digit of 799701?
7
What is the thousands digit of 1808041?
8
What is the thousands digit of 29120?
9
What is the thousands digit of 27184998?
4
What is the tens digit of 7509936?
3
What is the units digit of 1371741?
1
What is the units digit of 118467?
7
What is the ten thousands digit of 331553?
3
What is the hundreds digit of 7344817?
8
What is the hundred thousands digit of 852605?
8
What is the ten thousands digit of 10569602?
6
What is the millions digit of 3911002?
3
What is the thousands digit of 74728?
4
What is the tens digit of 3154?
5
What is the thousands digit of 3252607?
2
What is the hundred thousands digit of 103617?
1
What is the ten thousands digit of 4252929?
5
What is the units digit of 2659862?
2
What is the millions digit of 13885127?
3
What is the thousands digit of 38384192?
4
What is the ten thousands digit of 1326602?
2
What is the hundred thousands digit of 611452?
6
What is the units digit of 3577049?
9
What is the hundreds digit of 6961465?
4
What is the ten thousands digit of 442007?
4
What is the ten thousands digit of 2903503?
0
What is the tens digit of 1501370?
7
What is the ten thousands digit of 1120643?
2
What is the ten millions digit of 13812995?
1
What is the hundreds digit of 23978599?
5
What is the hundred thousands digit of 642744?
6
What is the hundreds digit of 192863?
8
What is the ten thousands digit of 3752804?
5
What is the tens digit of 21477232?
3
What is the thousands digit of 83555?
3
What is the ten thousands digit of 2458043?
5
What is the units digit of 4582451?
1
What is the hundreds digit of 3112865?
8
What is the hundred thousands digit of 1345706?
3
What is the hundred thousands digit of 7528202?
5
What is the hundreds digit of 185764?
7
What is the units digit of 2537080?
0
What is the ten thousands digit of 7125456?
2
What is the tens digit of 340523?
2
What is the units digit of 3625608?
8
What is the thousands digit of 731818?
1
What is the hundreds digit of 392524?
5
What is the ten thousands digit of 3617465?
1
What is the ten millions digit of 24054908?
2
What is the thousands digit of 2398116?
8
What is the ten thousands digit of 104625?
0
What is the hundred thousands digit of 927713?
9
What is the tens digit of 904847?
4
What is the hundred thousands digit of 1686714?
6
What is the hundreds digit of 18723?
7
What is the thousands digit of 16050?
6
What is the ten thousands digit of 8986582?
8
What is the hundred thousands digit of 2037539?
0
What is the units digit of 1818308?
8
What is the tens digit of 378735?
3
What is the hundred thousands digit of 3370571?
3
What is the thousands digit of 35896?
5
What is the tens digit of 557944?
4
What is the hundreds digit of 43500?
5
What is the hundreds digit of 14985418?
4
What is the thousands digit of 1918596?
8
What is the units digit of 6916841?
1
What is the tens digit of 5675199?
9
What is the hundreds digit of 9003409?
4
What is the thousands digit of 251786?
1
What is the hundreds digit of 982952?
9
What is the hundred thousands digit of 5806736?
8
What is the ten thousands digit of 443828?
4
What is the ten thousands digit of 3778752?
7
What is the hundred thousands digit of 190366?
1
What is the ten thousands digit of 278608?
7
What is the hundreds digit of 173316?
3
What is the thousands digit of 112143?
2
What is the tens digit of 1360014?
1
What is the tens digit of 31023?
2
What is the hundred thousands digit of 201679?
2
What is the units digit of 3915240?
0
What is the millions digit of 14609947?
4
What is the tens digit of 1836436?
3
What